culate the remainder when 101 is divided by 2.
1
Calculate the remainder when 6849 is divided by 31.
29
What is the remainder when 447 is divided by 50?
47
What is the remainder when 143 is divided by 30?
23
Calculate the remainder when 645 is divided by 317.
11
Calculate the remainder when 283 is divided by 92.
7
What is the remainder when 608 is divided by 153?
149
What is the remainder when 1920 is divided by 178?
140
What is the remainder when 783 is divided by 40?
23
What is the remainder when 1764 is divided by 195?
9
What is the remainder when 342 is divided by 86?
84
What is the remainder when 1453 is divided by 424?
181
Calculate the remainder when 117 is divided by 22.
7
Calculate the remainder when 6315 is divided by 1574.
19
Calculate the remainder when 2129 is divided by 199.
139
What is the remainder when 36719 is divided by 43?
40
What is the remainder when 82 is divided by 4?
2
What is the remainder when 317 is divided by 59?
22
What is the remainder when 2751 is divided by 227?
27
What is the remainder when 4734 is divided by 148?
146
What is the remainder when 1040 is divided by 29?
25
Calculate the remainder when 13 is divided by 7.
6
Calculate the remainder when 236 is divided by 12.
8
What is the remainder when 768 is divided by 194?
186
What is the remainder when 321 is divided by 40?
1
What is the remainder when 149 is divided by 47?
8
What is the remainder when 1013 is divided by 145?
143
Calculate the remainder when 1085 is divided by 511.
63
Calculate the remainder when 319 is divided by 20.
19
Calculate the remainder when 312 is divided by 47.
30
What is the remainder when 2827 is divided by 22?
11
Calculate the remainder when 1228 is divided by 137.
132
Calculate the remainder when 5738 is divided by 40.
18
What is the remainder when 419 is divided by 117?
68
What is the remainder when 110 is divided by 56?
54
What is the remainder when 196 is divided by 40?
36
What is the remainder when 729 is divided by 67?
59
What is the remainder when 36 is divided by 21?
15
Calculate the remainder when 1666 is divided by 6.
4
What is the remainder when 36 is divided by 15?
6
What is the remainder when 1104 is divided by 111?
105
Calculate the remainder when 7948 is divided by 159.
157
What is the remainder when 1232 is divided by 41?
2
Calculate the remainder when 623 is divided by 619.
4
Calculate the remainder when 61565 is divided by 52.
49
What is the remainder when 73 is divided by 13?
8
Calculate the remainder when 688 is divided by 77.
72
What is the remainder when 886 is divided by 12?
10
What is the remainder when 701 is divided by 43?
13
Calculate the remainder when 622 is divided by 12.
10
Calculate the remainder when 56 is divided by 9.
2
What is the remainder when 539 is divided by 15?
14
Calculate the remainder when 143 is divided by 122.
21
Calculate the remainder when 2120 is divided by 1054.
12
What is the remainder when 363 is divided by 17?
6
What is the remainder when 325 is divided by 112?
101
What is the remainder when 201 is divided by 151?
50
Calculate the remainder when 113 is divided by 64.
49
Calculate the remainder when 229 is divided by 107.
15
What is the remainder when 128 is divided by 81?
47
What is the remainder when 773 is divided by 9?
8
What is the remainder when 3863 is divided by 77?
13
Calculate the remainder when 65 is divided by 4.
1
What is the remainder when 808 is divided by 268?
4
Calculate the remainder when 113 is divided by 60.
53
Calculate the remainder when 701 is divided by 3.
2
What is the remainder when 163 is divided by 10?
3
Calculate the remainder when 4777 is divided by 36.
25
What is the remainder when 111 is divided by 27?
3
Calculate the remainder when 11092 is divided by 38.
34
Calculate the remainder when 91 is divided by 28.
7
Calculate the remainder when 48 is divided by 10.
8
Calculate the remainder when 3030 is divided by 1505.
20
Calculate the remainder when 11796 is divided by 19.
16
Calculate the remainder when 522 is divided by 16.
10
What is the remainder when 232 is divided by 165?
67
Calculate the remainder when 927 is divided by 28.
3
Calculate the remainder when 469 is divided by 10.
9
What is the remainder when 1514 is divided by 76?
70
Calculate the remainder when 1864 is divided by 370.
14
Calculate the remainder when 6178 is divided by 60.
58
Calculate the remainder when 115 is divided by 24.
19
Calculate the remainder when 1462 is divided by 19.
18
Calculate the remainder when 1041 is divided by 117.
105
What is the remainder when 295 is divided by 17?
6
What is the remainder when 4518 is divided by 33?
30
Calculate the remainder when 1117 is divided by 26.
25
What is the remainder when 339 is divided by 19?
16
What is the remainder when 242 is divided by 89?
64
What is the remainder when 1343 is divided by 96?
95
Calculate the remainder when 89 is divided by 38.
13
Calculate the remainder when 188 is divided by 28.
20
What is the remainder when 284 is divided by 61?
40
Calculate the remainder when 1105 is divided by 56.
41
Calculate the remainder when 878 is divided by 28.
10
Calculate the remainder when 217 is divided by 74.
69
What is the remainder when 89 is divided by 19?
13
What is the remainder when 779 is divided by 173?
87
Calculate the remainder when 719 is divided by 234.
17
What is the remainder when 2888 is divided by 1443?
2
What is the remainder when 30 is divided by 14?
2
Calculate the remainder when 46 is divided by 8.
6
What is the remainder when 446 is divided by 8?
6
Calculate the remainder when 1211 is divided by 61.
52
Calculate the remainder when 65 is divided by 22.
21
Calculate the remainder when 16236 is divided by 23.
21
What is the remainder when 277 is divided by 56?
53
What is the remainder when 1389 is divided by 31?
25
Calculate the remainder when 129 is divided by 29.
13
Calculate the remainder when 1959 is divided by 109.
106
What is the remainder when 246 is divided by 182?
64
Calculate the remainder when 208 is divided by 10.
8
Calculate the remainder when 63 is divided by 50.
13
Calculate the remainder when 1321 is divided by 373.
202
What is the remainder when 233 is divided by 52?
25
What is the remainder when 229 is divided by 48?
37
Calculate the remainder when 195 is divided by 7.
6
Calculate the remainder when 65 is divided by 26.
13
Calculate the remainder when 82 is divided by 22.
16
Calculate the remainder when 3023 is divided by 46.
33
What is the remainder when 1504 is divided by 21?
13
What is the remainder when 72 is divided by 72?
0
What is the remainder when 4198 is divided by 150?
148
Calculate the remainder when 58 is divided by 35.
23
Calculate the remainder when 67 is divided by 14.
11
Calculate the remainder when 534 is divided by 45.
39
Calculate the remainder when 554 is divided by 121.
70
Calculate the remainder when 850 is divided by 301.
248
What is the remainder when 106 is divided by 26?
2
Calculate the remainder when 598 is divided by 6.
4
What is the remainder when 1589 is divided by 506?
71
Calculate the remainder when 5296 is divided by 9.
4
What is the remainder when 342 is divided by 340?
2
What is the remainder when 4502 is divided by 46?
40
What is the remainder when 1306 is divided by 188?
178
What is the remainder when 97 is divided by 19?
2
What is the remainder when 155 is divided by 26?
25
What is the remainder when 255 is divided by 78?
21
Calculate the remainder when 1409 is divided by 17.
15
What is the remainder when 602 is divided by 102?
92
What is the remainder when 284 is divided by 77?
53
Calculate the remainder when 139 is divided by 107.
32
What is the remainder when 2468 is divided by 19?
17
What is the remainder when 3980 is divided by 793?
15
Calculate the remainder when 1508 is divided by 56.
52
What is the remainder when 511 is divided by 133?
112
Calculate the remainder when 183 is divided by 118.
65
Calculate the remainder when 376 is divided by 64.
56
What is the remainder when 398 is divided by 51?
41
Calculate the remainder when 219 is divided by 73.
0
Calculate the remainder when 105 is divided by 18.
15
Calculate the remainder when 160 is divided by 44.
28
What is the remainder when 361 is divided by 7?
4
Calculate the remainder when 414 is divi